)?
4
Calculate -7 + 6 + 12 + -16 - -19.
14
(2 + -9 - -39) + -19
13
Evaluate 11 + -7 + (-4 - -9) + -3.
6
Calculate 2 - (-5 + 7 + 6) - 7.
-13
What is the value of -3 + -3 - -20 - 18?
-4
Evaluate -1 + (3 - -2) + 7 + -18.
-7
Calculate 1 + 9 - (-2 - (15 + -18 - 8)).
1
-35 + -3 - (-1 + -13)
-24
What is -8 + 3 + (-1 + 14 - 1)?
7
What is -13 + 6 + 5 + -9?
-11
8 - (3 - 6 - -8) - 1
2
4 - -3 - 11 - -7 - (8 + -6)
1
Calculate (0 - -3) + (90 - 84).
9
What is (10 + 15 + -8 - (7 - 4)) + 8?
22
What is 5 + 0 + -3 - (-9 + 19 - 4)?
-4
Calculate 1 - 20 - (-711 - -687).
5
-77 - -77 - (8 - 4 - -9)
-13
Calculate -8 - -4 - (-5 + -5 + 7).
-1
What is the value of -4 + (-23 - (16 - 29)) + 13?
-1
-3 + (1 + -2 - -17) + 549 + -547
15
-18 - ((1 - 12 - -13) + -5)
-15
What is the value of 0 + 1 - ((-9 - (-11 + 8)) + -3)?
10
What is (-20 - (0 - 11) - 2) + 9?
-2
Evaluate (36 - 10) + (13 - 22).
17
What is the value of -24 - (-5 + -7 + -16)?
4
What is the value of -25 + 5 + 42 + -19?
3
Calculate 35 - 1 - (-1838 - -1856).
16
Calculate -4 + (-2 - (-3 + 1)) + -10.
-14
What is the value of (-6 + (0 - 10) - -2) + 0?
-14
2 + (4 - 6) + 16 + -18 + 16
14
Calculate -20 + (0 + -2 - (-74 - -75)).
-23
What is the value of 14 + 3 + (-36 - -1)?
-18
What is 2 + -13 - (15 + -31)?
5
Calculate -6 + (0 - (-12 - -15)).
-9
Calculate (15 - 37) + -2 - -16.
-8
Evaluate 16 - (11 + -1 + -2).
8
Evaluate 0 - (7 + -16 + 9).
0
Calculate 3 + -4 + 1 - (1 + 3 + -19).
15
Calculate 3 + (-56 - -36) + (3 - 0 - -1).
-13
What is the value of 6 + 3 + (-7 - -12 - 19)?
-5
Evaluate -14 + 6 + (2 + -3 - (-1 - -5)).
-13
20 - (-6 + (27 - 2))
1
Evaluate -10 + (5 - -1) + 19.
15
-4 - 18 - (42 + -44 + -7 + 1)
-14
What is the value of -13 + 5 + -1 + 9 + -2 + 21?
19
7 + -1 - (28 - (31 - 5))
4
What is 0 - (-7 + (-3 - -14) + -1)?
-3
Calculate -91 + 18 - -24 - -34.
-15
Evaluate 7 - (85 - 52 - (-2 - -6)).
-22
2 + 1 + (-1 + -13 - -9 - -27)
25
Evaluate 16 + -3 + 2 + 124 + -95 + -33.
11
5 + -2 - (-20 - (-12 - (10 + 7)))
-6
Calculate 0 - (1 - (7 + -5)) - 12 - 7.
-18
Evaluate -15 - (3 + 2) - (0 - (11 - 4)).
-13
Evaluate -6 + (-10 - (-39 + 29 - (0 + -4))).
-10
What is the value of 3 + 5 + (4 - 9) - 6?
-3
What is the value of -10 - (-17 + -13 + 20) - (0 + 8)?
-8
Evaluate 9 + (-18 - -8) + 9.
8
Evaluate 2 - -8 - (-201 - -205).
6
Calculate -5 + (-5 + 9 + -3 - (-31 - -16)).
11
What is -231 - -256 - (39 + -5)?
-9
What is (1 - 1) + (104 - 111) + 1 + -6?
-12
6 + 2 - (8 - -33 - 40)
7
Calculate 15 + -30 - 11 - 10.
-36
What is the value of (-277 - -305) + 0 + 2?
30
What is (2 - 10) + (41 - 36) - -33?
30
What is 1 - (4 - (-16 + 4 + -8 + 8))?
-15
What is the value of -28 + 15 + (-4 - (-15 - (-1 + -5)))?
-8
What is the value of -16 + (7 - -14 - 12)?
-7
Evaluate -6 - ((2 + 7 - (0 - 1)) + -7).
-9
493 - 485 - (0 + -3)
11
What is (6 - 5) + -3 - (7 + -4)?
-5
Evaluate (-3 - -4 - (10 - 17)) + (-12 - -5).
1
Calculate 7 + (-7 + 1 - (5 - 6)).
2
What is the value of -2 + 2 + -23 + (22 - 50 - -34)?
-17
4 - (1 + -2) - (-6 - -10 - 11)
12
What is -21 + 27 + (1 - 1) + -9 + 8?
5
Evaluate (20 - 4) + -4 - (-135 + 120).
27
What is the value of -1 + 0 - ((43 - 39) + (3 - 1))?
-7
What is the value of -3 + (13 - 2) + (261 - 250)?
19
What is -5 + -2 - (22 + -20 - (1 - -14))?
6
What is (-1 - -11) + -27 + (16 - 4)?
-5
Evaluate (13 - 8) + -17 - -14 - (0 + -1).
3
Evaluate 9 + (3 - 7) + -2 + -15.
-12
What is the value of 9 + (-7 - (3 + -10)) + -12?
-3
What is 0 + -52 + 1599 + -1573?
-26
What is the value of 8 + (-1 - 2) - (-10 + -16 + 38)?
-7
What is the value of -25 - -23 - (-2 - (-11 - 0))?
-11
-35 + 41 + 0 + -1 - 2
3
What is 0 - 45 - (-30 + 6 - -10)?
-31
What is 2 + 0 + (4 - 6) + (15 - 28)?
-13
Evaluate -4 + 4 - (-22 - -6).
16
Calculate -12 + 11 + (1 - 11) + 4 + 10.
3
Evaluate 19 - -6 - (-47 - -70).
2
Evaluate 8 + (-2 - (-10 + 21)) + -9.
-14
(-20 - -11) + -3 + 19
7
-20 - (3 - (-17 + 9 + 2))
-29
What is (5 - -4 - -6) + -1?
14
(2 - 5) + -23 + 29
3
12 - -1 - (1 + -9 + 9 - -6)
6
What is 1 - (13 + -21) - (7 + (-5 - 21))?
28
What is the value of -25 - -33 - (4 - ((1 - -3) + -2))?
6
What is -8 + (-2 + -6 - (2 - (11 + -8)))?
-15
What is the value of 16 + -30 - (0 + -35)?
21
Evaluate -22 + 6 - 4 - -16.
-4
What is the value of 1 + -27 - (-2 - (37 - 29))?
-16
Evaluate -5 + -8 - 5 - -23.
5
Calculate 3 + -6 + 9 + -2.
4
19 - (0 - 0 - (22 - 27)) - 7
7
Evaluate 3 - ((-10 - -18) + -4).
-1
What is the value of 6 + (-5 - (-6 - -7)) + -3 + 5?
2
Evaluate -3 + (3 - 14) + 10 + (-1 - 6).
-11
Calculate -2 + 35 + (42 - 72).
3
What is the value of -7 + (-1 - -3) - 3 - (35 - 35)?
-8
What is the value of (1 - ((3 - (-8 - -7)) + -10)) + -17?
-10
What is the value of 0 + (-5 - -6) + 1 + -5 + -1?
-4
What is the value of (-612 - -634) + 0 + -43?
-21
Evaluate 13 + -10 + -23 - (-12 - 0) - 10.
-18
Calculate 5 - -12 - (2 + -14 + 26).
3
-20 - (-41 + 20) - (25 + (-2 - -2))
-24
What is (1 - (-7 + 3 - -1)) + (7 - -4)?
15
Calculate 21 + 1 - (129 - 112).
5
What is the value of -41 + 0 + (1010 - 966)?
3
(16 - -4) + 2 + 8 + -15
15
-1038 + 1021 + 25 + 1
9
Calculate -14 - 1 - (14 + -2 - (4 + 16)).
-7
What is 1 + 12 + -25 + 3?
-9
What is the value of -2 + -7 - -18 - -7 - -1?
17
Evaluate (2 + 2 - -2) + (-11 - 0) - -13.
8
What is -14 + 18 + -16 + 0?
-12
What is 1 + -6 + -31 - -10?
-26
-6 + -1 - (-16 - (-12 + 8) - -22)
-17
Evaluate 14 + (-7 - 3) + 6.
10
Calculate 10 + 0 - (-3 - -9) - (-3 + 1).
6
What is 0 + 1 + (98 - 89) - -5 - 9?
6
Evaluate (384 - 381) + -1 + -9.
-7
Calculate -19 + (-27 - -17 - -12).
-17
Evaluate (-18 - -25 - 5) + (0 - 2) - -5.
5
What is 74 - ((-11 - -40) + 16)?
29
(-1 - 34) + (-6 + 26 - (19 - 4))
-30
What is the value of (14 - 24) + (-2 - 4) + 18?
2
Calculate 23 + -7 - 12 - (-3 - -4).
3
18 + -13 + 1 + -4
2
355 + -336 - (-3 - 3)
25
Calculate (-1 - 35) + -432 + 501.
33
Calculate (-17 + -18 - -16) + 8.
-11
Evaluate 41 + (31 - 12) - 35.
25
7 - 6 - 12 - ((-1 - 0) + -3)
-7
Evaluate -63 + 21 + (35 - 16).
-23
32 + 3 + (25 - 43)
17
Evaluate (-5 - -1) + (-2 - (11 + -18) - 3).
-2
(8 + -18 + 9 - 8) + 20
11
What is 5 + 15 + -25 + -4?
-9
Evaluate -35 - -46 - (-15 + 16 + (-1 - 0)).
11
Calculate (-11 - (-30 - -9)) + (-9 - 0).
1
(-1 + 2 - 14) + 12 + -6 + -6
-13
Evaluate -7 - (-15 + 31 + (-1 - 14)).
-8
8 + -9 + (-5 + 3 - 3)
-6
Calculate (21 - (-1 + 24)) + 3.
1
What is the value of -14 + (2 - -19 - -11)?
18
Calculate 3 - 8 - (-23 + 23 - -1).
-6
What is the value of 9 - (11 + 15 + -13 + -15)?
11
Evaluate (7 - (-7 + 10 + -1)) + -18.
-13
-6 - (-6 + (-3 + (-9 - -4) - -8))
0
Evaluate -14 + 20 + (0 - 19) + 28.
15
What is the value of (1 - -5) + 2 + 1 + -4?
5
Calculate 13 + -9 + (-11 - -17) + -5 + -1.
4
What is the value of -37 + 55 + (-20 - -2)?
0
What is the value of 4 + 6 + (6 - 14) + -10?
-8
-4 + 0 + -6 + 18
8
Calculate 25 + -22 + -3 + (1 - 0) + -3.
-2
Calculate 4 + -6 + -9 + 7 + 6.
2
Evaluate 9 + -4 + 2 + (-6 - (-9 + -4)).
14
What is the value of (2 - 4) + (21 - (42 - 21))?
-2
What is the value of (28 - 2) + (-20 - -6)?
12
Evaluate -8 + 18 - (-2 + 12 + (33 - 2)).
-31
23 + 7 + (-1 - -4) - 12
21
-112 + 125 - (1 + -2)
14
Evaluate 1 - 33 - (501 - 516).
-17
Calculate (-1 - -11) + -24 + 32.
18
Calculate (13 + -1 - 21) + (4 - 3).
-8
11 - ((-13 + 1 - -19) + -9)
13
What is the value of (-26 - -5) + 40 - 1?
18
Evaluate 9 - (3 + -13 + 3 - -12).
4
What is the value of -1 + (3 - 0) + (2 - 5) - 4?
-5
Calculate 4 + 9 + -16 + 7.
4
Calculate -19 + (10 + (-14 - -11) + 2 - 21).
-31
Evaluate -5 + (-19 - (-17 - -3)) + 15.
5
9 + -1 + -27 + (-1 - -8) + 16
4
Evaluate -17 + 11 + 8 - 13.
-11
Calculate 21 - ((0 - 2) + -14 + 12 + 7).
18
What is the value of -26 + (4 - -10) + (-1 - 3)?
-16
-12 + 5 + 1 + 8 + (-18 - 2)
-18
Calculate -7 + -1 + (20 - 22 - -7).
-3
What is 2 + 10 + 4 + -21?
-5
What is 13 - (158 + -164 - ((-4 - 2) + 0))?
13
What is the value of 11 - (0 + -8 + 17 + -6)?
8
What is -26 + 2 + (141 + -143 - (0 - 4))?
-22
What is the value of 7 + -2 + -16 + (2 + 7 - 6)?
-8
What is 9 - (2 + -2 + 6 - 7)?
10
What is (-1 - -2) + 1 + 60 + 39 + -103?
-2
What is the value of -10 - ((8 - 5) + -3 - 2)?
-8
7 + (1 - 3) + 1 - (3238 + -3229)
-3
What is the value of (1 - -24) + 26 + -35?
16
What is the value of (-9 - -5) + -40 + 29 - (0 - 0)?
-15
Evaluate 1 + -10 + 8 + -4 + 1.
-4
Evaluate -11 - -13 - ((-2 - 1) + 2 + -6).
9
(-2 - 6 - -8) + (2 - -7) + -2
7
Calculate -21